(r) = -2*r**2 + 7 + 3*r**2 + 7*r + r**2. What is the remainder when g(-6) is divided by 19?
18
Let y = 54 - 18. Calculate the remainder when y is divided by 13.
10
Suppose 0 = -2*u + 4. Suppose -3*d - z = d - 191, -u*d - 2*z = -88. Calculate the remainder when d is divided by 17.
15
Suppose -3*z = -5*g + 24, -3*g = 4*z - 3 + 6. Suppose -g*r + 246 = -0*l + 3*l, 400 = 5*l + 3*r. Calculate the remainder when l is divided by 20.
17
Suppose -2*p = -10, 6*p - 2*p + 60 = 5*o. What is the remainder when 30 is divided by o?
14
Suppose 2*r - 8 = 0, -l + 4*r + 4 = -3. What is the remainder when 32 is divided by l?
9
Let k(o) = o**2 - 4*o. Let p be k(5). Let q = -193 - -292. Suppose -5*r - 4*f = -f - q, 2*f = -p*r + 96. Calculate the remainder when r is divided by 10.
8
Let y be 0 - (-2 + (4 - 2)). Suppose -5*c + y*c = -155. What is the remainder when c is divided by 11?
9
Suppose -54 = -2*l + j, l - 3*j = -0*j + 27. Suppose p = -2*p - l. Let m = p - -16. What is the remainder when 19 is divided by m?
5
Suppose -184 = -4*o - 0*o. Suppose 0 = 3*d - o + 7. Suppose -2*t - 86 = -2*n - 4*t, -3*t - 61 = -2*n. What is the remainder when n is divided by d?
12
Let p = -37 + 63. Suppose 0*g + p = 2*g. What is the remainder when g is divided by 5?
3
Let a(r) = -r**3 + 9*r**2 + 9*r + 13. Let c be a(10). Suppose 0 = -5*o - 14 - 1. Calculate the remainder when o*(c + -2) - -40 is divided by 13.
11
Let h be (-1)/((-2)/10 + 0). Suppose 5 = -b + 6*b, -2*n + h = -b. Suppose -40 = -n*m + m. Calculate the remainder when 38 is divided by m.
18
Suppose 0 = -4*o + v + 18, -2*v = -4*o - 3*v + 14. Calculate the remainder when 30 is divided by (15/o - 1)*4.
8
Calculate the remainder when 70 is divided by 190/8 - 2/(-8).
22
Let z(k) be the second derivative of k**4/6 - 5*k**3/3 + k. Calculate the remainder when z(7) is divided by 15.
13
Suppose 15 = -5*q, -14 = 4*o - 5*o + 4*q. Suppose o*a = 3*a - 8. What is the remainder when 28 is divided by a?
4
Suppose -7 = -o + 11. Suppose -g + 7 + o = 3*r, 5*g - 2*r = 40. Calculate the remainder when 17 is divided by g.
7
Let b = 8 - 8. Suppose b = 4*n - n - 21. What is the remainder when n is divided by 3?
1
Let j(r) = -r**3 - 3*r**2 + 4*r - 1. Calculate the remainder when j(-5) is divided by (-30)/45 + 32/3.
9
Suppose p = -a + 1, -2*a = 3*p + p + 2. Suppose -5*w + 0*q = a*q - 105, w - 21 = q. Let j = -23 + 34. What is the remainder when w is divided by j?
10
Suppose -17*l = -104 - 83. Calculate the remainder when 51 is divided by l.
7
Suppose 4*y - 3*x + 30 = -9, 4*y - 4*x + 40 = 0. Suppose d + 3*c = 10, 2*d + 0*d - 3*c = 2. What is the remainder when d/(12/y) + 40 is divided by 20?
17
Let q(p) = 2*p**3 + 10*p**2 + 5*p - p**3 + 0*p + 12. Let u be q(-9). Suppose f = -3*f + u. What is the remainder when 23 is divided by f?
11
Calculate the remainder when 3 + 35 + (1 - 1) is divided by 13.
12
Suppose 0 = -11*c + 12*c - 27. Calculate the remainder when 53 is divided by c.
26
Suppose -3*r - 32 - 43 = -2*u, -3*u = -3*r - 120. Suppose 0 = -4*o + 14 - 10. Calculate the remainder when u is divided by (8/(-20))/(o/(-30)).
9
Suppose 175 = 4*j + 3*b, -j - b + 38 = -5. Calculate the remainder when j is divided by 17.
12
Suppose -2*n + 86 = -168. Calculate the remainder when n is divided by 16.
15
Let r = 72 - 35. What is the remainder when r is divided by 10?
7
What is the remainder when 14 is divided by 0 + 1 + (8 - 5)?
2
Let f = 9 - -10. What is the remainder when f is divided by 10?
9
Let g(u) = -5*u - 2. Let i(y) = -9*y - 4. Let d(k) = 7*g(k) - 4*i(k). Let o(j) = -j + 3. What is the remainder when o(-10) is divided by d(5)?
6
Let x(l) = -9*l**3 - 4*l**2 - l + 2. Calculate the remainder when x(-2) is divided by 21.
18
Suppose -3*h + 123 = -3*b, 0 = -h + 3*b + 2*b + 37. Calculate the remainder when 106 is divided by h.
22
Suppose 3*j + 5*n = 22, -j + 3*n = -n + 4. What is the remainder when j is divided by 1/(-3) + (-10)/(-3)?
1
Let q = 38 + -9. Calculate the remainder when q is divided by 6.
5
Let u(q) = -q**2 + 2*q + 4. Let k be u(-4). Let r = -8 - k. What is the remainder when 47 is divided by r?
11
What is the remainder when 35 is divided by 90/(-3)*(-6)/15?
11
Suppose -3*q + 12 = 6. Calculate the remainder when q is divided by 1.
0
Let i = 16 - 2. Suppose 0 = -4*o - 13 - 27. Let b = o + i. Calculate the remainder when b is divided by 2.
0
Let y = -4 + 4. Suppose y*a = 4*a. Suppose 2*v + 0*v - 14 = a. What is the remainder when 18 is divided by v?
4
Let d = 7 + -1. Let l = -2 + d. Suppose -c + 4 - 1 = -w, 2*c + w = 15. Calculate the remainder when c is divided by l.
2
Suppose -30 = m - 99. Calculate the remainder when m is divided by 18.
15
Let j(z) be the third derivative of z**5/20 + z**4/6 - 2*z**3/3 + 3*z**2. Calculate the remainder when j(-3) is divided by 6.
5
Let r(m) = -6*m + 12. What is the remainder when 17 is divided by r(1)?
5
Let w = 13 + -4. Calculate the remainder when 16 is divided by w.
7
Let z = 8 - 12. Let d be z + 2 - (1 - 0). What is the remainder when ((-34)/(-6))/(d/(-9)) is divided by 9?
8
Let j be (-5)/15*(-388 - -1). Calculate the remainder when -4*-1*j/12 is divided by 11.
10
Calculate the remainder when 8 is divided by 1 - ((-10)/2 + 3).
2
Let f = -90 - -151. Calculate the remainder when 118 is divided by f.
57
Suppose -3*c + 14 + 4 = 0. Suppose -o = 7*o - 176. Calculate the remainder when o is divided by c.
4
Suppose 21 = -5*s - a - 7, -2 = -2*s + 4*a. Let b(d) = -d**2 - 6*d + 5. Calculate the remainder when 29 is divided by b(s).
9
Let n = 34 - 21. What is the remainder when 36 is divided by n?
10
Let i(r) = 2*r**2 + 6*r - 7. Suppose 3*o = -3*w + 84, 4*w + 3*o - 46 - 62 = 0. What is the remainder when w is divided by i(-5)?
11
Let i(n) = 6*n - 15. What is the remainder when 53 is divided by i(4)?
8
Let c = -44 + 73. Let b be (-5 - -3)*(-1)/1. Suppose 21 + 9 = b*a. Calculate the remainder when c is divided by a.
14
Let c = 60 + -44. Calculate the remainder when 36 is divided by c.
4
Let b = 32 - 23. What is the remainder when 24 is divided by b?
6
Let z(f) = -f**2 + 8*f + 10. Let c be z(9). Suppose -17 = -4*p - c. What is the remainder when 9 is divided by p?
1
Let y(p) = -p**2 - 6*p + 4. Suppose 12 = -3*s, -8*s + 4*s = l + 21. Let m(o) = o**2 - 2*o - 3. Calculate the remainder when y(l) is divided by m(-2).
4
Let b be (6/9)/((-1)/(-3)). Let a(w) = w**2 - 4*w + 6. Calculate the remainder when 114/12 + 1/b is divided by a(4).
4
Let p(w) = -w**3 - 3*w**2 - 1. Suppose -3*g = 0, 34 + 17 = 3*u - 5*g. What is the remainder when p(-5) is divided by u?
15
Let o(r) = 6 + r**3 - r**3 + 7*r - 7*r**2 + r**3. Let s be o(6). Suppose -2*m + 10 = -4*k, 5*m + 0*k = -3*k + s. Calculate the remainder when 8 is divided by m.
2
Let w(q) = -2 - q - 4 + 2 + 10*q**2 + 7*q**2. What is the remainder when w(2) is divided by (-4)/2*(-7 - 1)?
14
Let m(l) = 4*l**2 - 11*l + 3. Let i(p) = -p**2 + p. Let n(t) = -3*i(t) - m(t). Suppose -3 = 5*v - 33. Calculate the remainder when 25 is divided by n(v).
7
Suppose 0*u = 3*u - 42. Calculate the remainder when 54 is divided by u.
12
Let n = 0 + 0. Let i = -6 - -4. Let d = n - i. What is the remainder when 4 is divided by d?
0
Let r = 6 - -29. Let v = 3 - -16. Calculate the remainder when r is divided by v.
16
Let d = -24 - -32. What is the remainder when 46 is divided by d?
6
Suppose -2*m - 3*j = -122, 4*m + j - 176 = m. Let o(h) = 7*h - 2. Calculate the remainder when m is divided by o(2).
10
Suppose 4*l = -14 - 46. Let i = 32 + l. Suppose -b = 2*v, -b + 5*b - 33 = 3*v. Calculate the remainder when i is divided by b.
5
Suppose 2*z + 19 = r, -2*r - 2*z + 31 = -r. Let x(j) = j - 1. Let u be x(-1). Calculate the remainder when r is divided by (2 + -4)*9/u.
7
Let j = -21 - -33. Suppose -3*k + 9 = -j. Let g = k - 4. What is the remainder when 4 is divided by g?
1
Let w = -12 + 23. What is the remainder when 53 is divided by w?
9
Let c be -146*(3/2)/(-3). Suppose 2*w + 0*w = -4*x + 86, -2*x = -5*w - c. Calculate the remainder when x is divided by 13.
11
Let u = -28 + 43. Calculate the remainder when (-2)/(-1)*2 - -24 is divided by u.
13
Suppose 5*h - 20 = -b, -b + 2 = 2*h - 3. Suppose -h*i = -i. Suppose i = v - 1 - 13. What is the remainder when 41 is divided by v?
13
Suppose -4*i + 2*i - s + 41 = 0, 97 = 4